{"id":394,"date":"2025-01-04T12:00:34","date_gmt":"2025-01-04T12:00:34","guid":{"rendered":"https:\/\/sv-gladbeck.de\/wordpress\/?page_id=394"},"modified":"2025-01-04T12:18:09","modified_gmt":"2025-01-04T12:18:09","slug":"schuetzenfest-2025","status":"publish","type":"page","link":"https:\/\/sv-gladbeck.de\/wordpress\/index.php\/schuetzenfest-2025\/","title":{"rendered":"Sch\u00fctzenfest 2025"},"content":{"rendered":"\n<p>Unser Sch\u00fctzenfest findet zwischen dem 16. Mai und dem 18. Mai 2025 statt.<\/p>\n\n\n\n<figure class=\"wp-block-image size-full is-resized\"><img loading=\"lazy\" decoding=\"async\" width=\"700\" height=\"994\" src=\"https:\/\/sv-gladbeck.de\/wordpress\/wp-content\/uploads\/Schuetzenfest.png\" alt=\"\" class=\"wp-image-395\" style=\"width:1218px;height:auto\" srcset=\"https:\/\/sv-gladbeck.de\/wordpress\/wp-content\/uploads\/Schuetzenfest.png 700w, https:\/\/sv-gladbeck.de\/wordpress\/wp-content\/uploads\/Schuetzenfest-211x300.png 211w\" sizes=\"auto, (max-width: 700px) 100vw, 700px\" \/><\/figure>\n\n\n\n<h2 class=\"wp-block-heading\" id=\"ausfuhrliche-infos-zum-schutzenverein-und-zum-schutzenfest-findest-du-in-der-aktuellen-festschrift\">Ausf\u00fchrliche Informationen folgen schnellstm\u00f6glich.<\/h2>\n","protected":false},"excerpt":{"rendered":"<p>Unser Sch\u00fctzenfest findet zwischen dem 16. Mai und dem 18. Mai 2025 statt. Ausf\u00fchrliche Informationen folgen schnellstm\u00f6glich.<\/p>\n","protected":false},"author":2,"featured_media":0,"parent":0,"menu_order":0,"comment_status":"closed","ping_status":"closed","template":"","meta":{"footnotes":""},"class_list":["post-394","page","type-page","status-publish","hentry"],"_links":{"self":[{"href":"https:\/\/sv-gladbeck.de\/wordpress\/index.php\/wp-json\/wp\/v2\/pages\/394","targetHints":{"allow":["GET"]}}],"collection":[{"href":"https:\/\/sv-gladbeck.de\/wordpress\/index.php\/wp-json\/wp\/v2\/pages"}],"about":[{"href":"https:\/\/sv-gladbeck.de\/wordpress\/index.php\/wp-json\/wp\/v2\/types\/page"}],"author":[{"embeddable":true,"href":"https:\/\/sv-gladbeck.de\/wordpress\/index.php\/wp-json\/wp\/v2\/users\/2"}],"replies":[{"embeddable":true,"href":"https:\/\/sv-gladbeck.de\/wordpress\/index.php\/wp-json\/wp\/v2\/comments?post=394"}],"version-history":[{"count":2,"href":"https:\/\/sv-gladbeck.de\/wordpress\/index.php\/wp-json\/wp\/v2\/pages\/394\/revisions"}],"predecessor-version":[{"id":402,"href":"https:\/\/sv-gladbeck.de\/wordpress\/index.php\/wp-json\/wp\/v2\/pages\/394\/revisions\/402"}],"wp:attachment":[{"href":"https:\/\/sv-gladbeck.de\/wordpress\/index.php\/wp-json\/wp\/v2\/media?parent=394"}],"curies":[{"name":"wp","href":"https:\/\/api.w.org\/{rel}","templated":true}]}}

Schützenfest 2025

<p>Unser Schützenfest findet zwischen dem 16. Mai und dem 18. Mai 2025 statt.</p>



<figure class="wp-block-image size-full is-resized"><img loading="lazy" decoding="async" width="700" height="994" src="https://sv-gladbeck.de/wordpress/wp-content/uploads/Schuetzenfest.png" alt="" class="wp-image-395" style="width:1218px;height:auto" srcset="https://sv-gladbeck.de/wordpress/wp-content/uploads/Schuetzenfest.png 700w, https://sv-gladbeck.de/wordpress/wp-content/uploads/Schuetzenfest-211x300.png 211w" sizes="auto, (max-width: 700px) 100vw, 700px" /></figure>



<h2 class="wp-block-heading" id="ausfuhrliche-infos-zum-schutzenverein-und-zum-schutzenfest-findest-du-in-der-aktuellen-festschrift">Ausführliche Informationen folgen schnellstmöglich.</h2>

<p>Unser Schützenfest findet zwischen dem 16. Mai und dem 18. Mai 2025 statt. Ausführliche Informationen folgen schnellstmöglich.</p>
