{"id":35,"date":"2022-02-03T15:39:15","date_gmt":"2022-02-03T15:39:15","guid":{"rendered":"https:\/\/sv-gladbeck.de\/wordpress\/?page_id=35"},"modified":"2024-03-18T17:25:28","modified_gmt":"2024-03-18T17:25:28","slug":"vorstand","status":"publish","type":"page","link":"https:\/\/sv-gladbeck.de\/wordpress\/index.php\/vorstand\/","title":{"rendered":"Vorstand"},"content":{"rendered":"\n<h2 class=\"wp-block-heading\" id=\"vorstellung-des-vorstandes\">Vorstellung des Vorstandes<\/h2>\n\n\n\n<div class=\"wp-block-media-text alignwide has-media-on-the-right is-stacked-on-mobile\"><div class=\"wp-block-media-text__content\">\n<p>Die Aufgabe den Vorstand kurz vorzustellen, habe ich gern angenommen. Das ist mir eine Freude, denn dieser Vorstand macht Spa\u00df.<\/p>\n\n\n\n<p>Gew\u00e4hlt wurden wir im M\u00e4rz 2023 auf der Jahreshauptversammlung am 05.03.2023. Die Wahlergebnisse waren wirklich beeindruckend, davon tr\u00e4umen sonst nur Kanzlerkandidatinnen und auch Oppositionspolitiker.<\/p>\n\n\n\n<p><\/p>\n<\/div><figure class=\"wp-block-media-text__media\"><img loading=\"lazy\" decoding=\"async\" width=\"1024\" height=\"768\" src=\"https:\/\/sv-gladbeck.de\/wordpress\/wp-content\/uploads\/Vorstand-1024x768.jpg\" alt=\"\" class=\"wp-image-304 size-full\" srcset=\"https:\/\/sv-gladbeck.de\/wordpress\/wp-content\/uploads\/Vorstand-1024x768.jpg 1024w, https:\/\/sv-gladbeck.de\/wordpress\/wp-content\/uploads\/Vorstand-300x225.jpg 300w, https:\/\/sv-gladbeck.de\/wordpress\/wp-content\/uploads\/Vorstand-768x576.jpg 768w, https:\/\/sv-gladbeck.de\/wordpress\/wp-content\/uploads\/Vorstand-1536x1152.jpg 1536w, https:\/\/sv-gladbeck.de\/wordpress\/wp-content\/uploads\/Vorstand.jpg 2048w\" sizes=\"auto, (max-width: 1024px) 100vw, 1024px\" \/><\/figure><\/div>\n\n\n\n<p><\/p>\n\n\n\n<h2 class=\"wp-block-heading\" id=\"nachfolgend-der-vorstand-gemass-unserer-satzung\">Nachfolgend der Vorstand gem\u00e4\u00df unserer Satzung<\/h2>\n\n\n\n<p>Zuerst unser&nbsp;<strong>erster Vorsitzender<\/strong> <strong><em>Michael Weinberg<\/em>,<\/strong> verheiratet, ein Sohn, eine Tochter.<br>Bereits seit 2018 unterst\u00fctzt Michael&nbsp;als Schatzmeister und Herr der Finanzen unseren Sch\u00fctzenverein ma\u00dfgeblich den Vorstand. In 2023 neu gew\u00e4hlt als erster Vorsitzender ist er in die Spitze <\/p>\n\n\n\n<p><strong>Zweiter Vorsitzender&nbsp;<\/strong><em><strong>Christian Winkel<\/strong><\/em>.<br>Direkter Ansprechpartner nach unserem ersten Vorsitzenden und Mann f\u00fcr alle F\u00e4lle.<\/p>\n\n\n\n<p><strong>Erste Gesch\u00e4ftsf\u00fchrerin&nbsp;<em>Christina&nbsp;Steinzen<\/em>,<\/strong> ein Sohn.<br>Tina hatte bereits seit im M\u00e4rz 2020 die kommissarische Position der zweiten Gesch\u00e4ftsf\u00fchrerin \u00fcbernommen und wurde bei der Wahl 2023 best\u00e4tigt und als erste Gesch\u00e4ftsf\u00fchrerin weiterhin in den Vorstand berufen.<\/p>\n\n\n\n<p><strong>Zweiter Gesch\u00e4ftsf\u00fchrer&nbsp;<em>Frederik Surmann<\/em><\/strong>.<br>Der zweite Mann in der Gesch\u00e4ftsf\u00fchrung und wichtig f\u00fcr den reibungslosen Vereinsbetrieb.<\/p>\n\n\n\n<p><strong>Schatzmeister <\/strong><em><strong>Carsten Schneider<\/strong>.<\/em><br>Unser Herr der Finanzen und der Sch\u00fctzer der finanziellen Ordnung.<\/p>\n\n\n\n<p><strong>Schriftf\u00fchrer&nbsp;<em>Christopher Kropf<\/em><\/strong>.<br>Unser Mann des Protokolls, unser Mann des geschriebenen Wortes.<\/p>\n\n\n\n<p>last, but not least unser&nbsp;<strong>Ehrenoberst&nbsp;<em>G\u00fcnter Kl\u00e4sener,<\/em><\/strong> verheiratet, zwei T\u00f6chter.<br>Pr\u00e4gend im unserem Sch\u00fctzenverein. Die Meinung unseres Ehrenoberst ist immer gefragt. Daher ist er auch der Protektor dieses Festes.<\/p>\n\n\n\n<p><\/p>\n\n\n\n<p><\/p>\n\n\n\n<figure class=\"wp-block-table\"><table><tbody><tr><td><strong>1. Vorsitzender<\/strong><br>Michael Weinberg<br><a href=\"mailto:michael.weinberg@sv-gladbeck.de\">michael.weinberg@sv-gladbeck.de<\/a><\/td><td><strong>2. Vorsitzender<\/strong><br>Christian Winkel<br><a href=\"mailto:js@elektro-schwalvenberg.de\">christian.winkel@sv-gladbeck.de<\/a><\/td><\/tr><tr><td><strong>1. Gesch\u00e4ftsf\u00fchrerin<\/strong><br>Christina Steinzen<br><a href=\"mailto:christina.steinzen@sv-gladbeck.de\">christina.steinzen@sv-gladbeck.de<\/a><\/td><td><strong>2. Gesch\u00e4ftsf\u00fchrer<\/strong><br>Frederik Surmann<br><a href=\"mailto:frederik.surmann@sv-gladbeck.de\">frederik.surmann@sv-gladbeck.de<\/a><\/td><\/tr><tr><td><strong>Schatzmeister<\/strong><br>Carsten Schneider<br><a href=\"mailto:carsten.schneider@sv-gladbeck.de\">carsten.schneider@sv-gladbeck.de<\/a><\/td><td><strong>Schriftf\u00fchrer<\/strong><br>Christopher Kropf<br><a href=\"mailto:christopher.kropf@sv-gladbeck.de\">christopher.kropf@sv-gladbeck.de<\/a><\/td><\/tr><\/tbody><\/table><figcaption class=\"wp-element-caption\">Kontaktdaten des Vorstandes<\/figcaption><\/figure>\n\n\n\n<p><\/p>\n\n\n\n<h3 class=\"wp-block-heading\" id=\"erweiterter-vorstand\">Erweiterter Vorstand<\/h3>\n\n\n\n<figure class=\"wp-block-table\"><table><tbody><tr><td><strong>2. Schatzmeister Regiment<\/strong><br>Tobias Surau<br><a href=\"mailto:tobias.surau@sv-gladbeck.de\">tobias.surau@sv-gladbeck.de<\/a><\/td><\/tr><tr><td><strong>2. Schriftf\u00fchrerin Regiment<\/strong><br>Marie-Antoinette Breil<br><a href=\"mailto:tobias.surau@sv-gladbeck.de\">breil@sv-gladbeck.de<\/a><\/td><\/tr><tr><td><strong>K\u00f6nig Fredi I R\u00fcckmann<\/strong><br>Alfred R\u00fcckmann<br><a href=\"mailto:tobias.surau@sv-gladbeck.de\">alfred-rueckmann@t-online.de<\/a><\/td><\/tr><tr><td><strong>Schie\u00dfsportleiter<\/strong><br>G\u00fcnter Gr\u00e4fling<br><a href=\"mailto:guenter.graefling@sv-gladbeck.de\">guenter.graefling@sv-gladbeck.de<\/a><\/td><\/tr><tr><td><strong>2. Schie\u00dfsportleiter<\/strong><br>Hans-Joachim Budich<br><a href=\"mailto:hajbu@aol.com\">hajbu@aol.com<\/a><\/td><\/tr><tr><td><strong>Jugendabteilungsleiter<\/strong><br>Bernd Queisser<br><a href=\"mailto:jugend@sv-gladbeck.de\">jugend@sv-gladbeck.de<\/a><\/td><\/tr><tr><td><strong>1. Kompanie Chef<\/strong><br>Alois Steinzen<br><a href=\"mailto:steinzen@steinzen-partner.de\">steinzen@steinzen-partner.de<\/a><\/td><\/tr><tr><td><strong>3. Kompanie Chefin<\/strong><br>Christina Steinzen<br><a href=\"mailto:christina.steinzen@sv-gladbeck.de\">christina.steinzen@sv-gladbeck.de<\/a><\/td><\/tr><tr><td><strong>4. Kompanie Chef<\/strong><br>Carsten Lowitz<br><a href=\"mailto:carsten.lowitz@gmx.de\">carsten.lowitz@gmx.de<\/a><\/td><\/tr><tr><td><strong>5. Kompanie Chef<\/strong><br>Ralf Behr<br><a href=\"mailto:elefand18@gmail.com\">elefand18@gmail.com<\/a><\/td><\/tr><tr><td><strong>Ehrenoberst<\/strong><br>G\u00fcnter Kl\u00e4sener<br><a href=\"mailto:claudia.kleasener@spedition-klaesener.de\">claudia.kleasener@spedition-klaesener.de<\/a><\/td><\/tr><\/tbody><\/table><figcaption class=\"wp-element-caption\">Kontaktdaten des erweiterten Vorstandes<\/figcaption><\/figure>\n\n\n\n<p><\/p>\n","protected":false},"excerpt":{"rendered":"<p>Vorstellung des Vorstandes Die Aufgabe den Vorstand kurz vorzustellen, habe ich gern angenommen. Das ist mir eine Freude, denn dieser Vorstand macht Spa\u00df. Gew\u00e4hlt wurden wir im M\u00e4rz 2023 auf der Jahreshauptversammlung am 05.03.2023. Die Wahlergebnisse waren wirklich beeindruckend, davon<\/p>\n","protected":false},"author":1,"featured_media":107,"parent":0,"menu_order":0,"comment_status":"closed","ping_status":"closed","template":"","meta":{"footnotes":""},"class_list":["post-35","page","type-page","status-publish","has-post-thumbnail","hentry"],"_links":{"self":[{"href":"https:\/\/sv-gladbeck.de\/wordpress\/index.php\/wp-json\/wp\/v2\/pages\/35","targetHints":{"allow":["GET"]}}],"collection":[{"href":"https:\/\/sv-gladbeck.de\/wordpress\/index.php\/wp-json\/wp\/v2\/pages"}],"about":[{"href":"https:\/\/sv-gladbeck.de\/wordpress\/index.php\/wp-json\/wp\/v2\/types\/page"}],"author":[{"embeddable":true,"href":"https:\/\/sv-gladbeck.de\/wordpress\/index.php\/wp-json\/wp\/v2\/users\/1"}],"replies":[{"embeddable":true,"href":"https:\/\/sv-gladbeck.de\/wordpress\/index.php\/wp-json\/wp\/v2\/comments?post=35"}],"version-history":[{"count":14,"href":"https:\/\/sv-gladbeck.de\/wordpress\/index.php\/wp-json\/wp\/v2\/pages\/35\/revisions"}],"predecessor-version":[{"id":382,"href":"https:\/\/sv-gladbeck.de\/wordpress\/index.php\/wp-json\/wp\/v2\/pages\/35\/revisions\/382"}],"wp:featuredmedia":[{"embeddable":true,"href":"https:\/\/sv-gladbeck.de\/wordpress\/index.php\/wp-json\/wp\/v2\/media\/107"}],"wp:attachment":[{"href":"https:\/\/sv-gladbeck.de\/wordpress\/index.php\/wp-json\/wp\/v2\/media?parent=35"}],"curies":[{"name":"wp","href":"https:\/\/api.w.org\/{rel}","templated":true}]}}