{"id":33,"date":"2022-02-03T15:38:58","date_gmt":"2022-02-03T15:38:58","guid":{"rendered":"https:\/\/sv-gladbeck.de\/wordpress\/?page_id=33"},"modified":"2023-07-24T11:14:28","modified_gmt":"2023-07-24T11:14:28","slug":"schuetzenfest-2022","status":"publish","type":"page","link":"https:\/\/sv-gladbeck.de\/wordpress\/index.php\/schuetzenfest-2022\/","title":{"rendered":"Sch\u00fctzenfest 2022"},"content":{"rendered":"\n<p>Unser Sch\u00fctzenfest hat zwischen dem 22. April und dem 24. April 2022 erfolgreich stattgefunden.<\/p>\n\n\n\n<figure class=\"wp-block-image size-large\"><img loading=\"lazy\" decoding=\"async\" width=\"1024\" height=\"1024\" src=\"https:\/\/sv-gladbeck.de\/wordpress\/wp-content\/uploads\/WordCloud2020SVGladbeck-1024x1024.jpg\" alt=\"\" class=\"wp-image-143\" srcset=\"https:\/\/sv-gladbeck.de\/wordpress\/wp-content\/uploads\/WordCloud2020SVGladbeck-1024x1024.jpg 1024w, https:\/\/sv-gladbeck.de\/wordpress\/wp-content\/uploads\/WordCloud2020SVGladbeck-300x300.jpg 300w, https:\/\/sv-gladbeck.de\/wordpress\/wp-content\/uploads\/WordCloud2020SVGladbeck-150x150.jpg 150w, https:\/\/sv-gladbeck.de\/wordpress\/wp-content\/uploads\/WordCloud2020SVGladbeck-768x768.jpg 768w, https:\/\/sv-gladbeck.de\/wordpress\/wp-content\/uploads\/WordCloud2020SVGladbeck-1536x1536.jpg 1536w, https:\/\/sv-gladbeck.de\/wordpress\/wp-content\/uploads\/WordCloud2020SVGladbeck-2048x2048.jpg 2048w, https:\/\/sv-gladbeck.de\/wordpress\/wp-content\/uploads\/WordCloud2020SVGladbeck-270x270.jpg 270w, https:\/\/sv-gladbeck.de\/wordpress\/wp-content\/uploads\/WordCloud2020SVGladbeck-230x230.jpg 230w\" sizes=\"auto, (max-width: 1024px) 100vw, 1024px\" \/><\/figure>\n\n\n\n<h2 class=\"wp-block-heading\" id=\"ausfuhrliche-infos-zum-schutzenverein-und-zum-schutzenfest-findest-du-in-der-aktuellen-festschrift\"><a href=\"https:\/\/sv-gladbeck.de\/wordpress\/wp-content\/uploads\/Schuetzenverein-Gladbeck-Mitte-Festschrift-2022-7.pdf\" target=\"_blank\" rel=\"noreferrer noopener\">Ausf\u00fchrliche Infos zum Sch\u00fctzenverein und zum Sch\u00fctzenfest findest Du in der aktuellen Festschrift.<\/a><\/h2>\n","protected":false},"excerpt":{"rendered":"<p>Unser Sch\u00fctzenfest hat zwischen dem 22. April und dem 24. April 2022 erfolgreich stattgefunden. Ausf\u00fchrliche Infos zum Sch\u00fctzenverein und zum Sch\u00fctzenfest findest Du in der aktuellen Festschrift.<\/p>\n","protected":false},"author":1,"featured_media":0,"parent":0,"menu_order":0,"comment_status":"closed","ping_status":"closed","template":"","meta":{"footnotes":""},"class_list":["post-33","page","type-page","status-publish","hentry"],"_links":{"self":[{"href":"https:\/\/sv-gladbeck.de\/wordpress\/index.php\/wp-json\/wp\/v2\/pages\/33","targetHints":{"allow":["GET"]}}],"collection":[{"href":"https:\/\/sv-gladbeck.de\/wordpress\/index.php\/wp-json\/wp\/v2\/pages"}],"about":[{"href":"https:\/\/sv-gladbeck.de\/wordpress\/index.php\/wp-json\/wp\/v2\/types\/page"}],"author":[{"embeddable":true,"href":"https:\/\/sv-gladbeck.de\/wordpress\/index.php\/wp-json\/wp\/v2\/users\/1"}],"replies":[{"embeddable":true,"href":"https:\/\/sv-gladbeck.de\/wordpress\/index.php\/wp-json\/wp\/v2\/comments?post=33"}],"version-history":[{"count":5,"href":"https:\/\/sv-gladbeck.de\/wordpress\/index.php\/wp-json\/wp\/v2\/pages\/33\/revisions"}],"predecessor-version":[{"id":312,"href":"https:\/\/sv-gladbeck.de\/wordpress\/index.php\/wp-json\/wp\/v2\/pages\/33\/revisions\/312"}],"wp:attachment":[{"href":"https:\/\/sv-gladbeck.de\/wordpress\/index.php\/wp-json\/wp\/v2\/media?parent=33"}],"curies":[{"name":"wp","href":"https:\/\/api.w.org\/{rel}","templated":true}]}}