{"id":199,"date":"2022-02-11T14:57:25","date_gmt":"2022-02-11T14:57:25","guid":{"rendered":"https:\/\/sv-gladbeck.de\/wordpress\/?page_id=199"},"modified":"2023-09-14T20:44:54","modified_gmt":"2023-09-14T20:44:54","slug":"3-kompanie","status":"publish","type":"page","link":"https:\/\/sv-gladbeck.de\/wordpress\/index.php\/3-kompanie\/","title":{"rendered":"3. Kompanie"},"content":{"rendered":"\n<div class=\"wp-block-media-text alignwide is-stacked-on-mobile is-vertically-aligned-top\" style=\"grid-template-columns:38% auto\"><figure class=\"wp-block-media-text__media\"><img loading=\"lazy\" decoding=\"async\" width=\"681\" height=\"1024\" src=\"https:\/\/sv-gladbeck.de\/wordpress\/wp-content\/uploads\/Schuetzen-GLA-Mitte-Wittringen-2020-142-681x1024.jpg\" alt=\"\" class=\"wp-image-116 size-full\" srcset=\"https:\/\/sv-gladbeck.de\/wordpress\/wp-content\/uploads\/Schuetzen-GLA-Mitte-Wittringen-2020-142-681x1024.jpg 681w, https:\/\/sv-gladbeck.de\/wordpress\/wp-content\/uploads\/Schuetzen-GLA-Mitte-Wittringen-2020-142-200x300.jpg 200w, https:\/\/sv-gladbeck.de\/wordpress\/wp-content\/uploads\/Schuetzen-GLA-Mitte-Wittringen-2020-142-768x1154.jpg 768w, https:\/\/sv-gladbeck.de\/wordpress\/wp-content\/uploads\/Schuetzen-GLA-Mitte-Wittringen-2020-142-1022x1536.jpg 1022w, https:\/\/sv-gladbeck.de\/wordpress\/wp-content\/uploads\/Schuetzen-GLA-Mitte-Wittringen-2020-142-1363x2048.jpg 1363w, https:\/\/sv-gladbeck.de\/wordpress\/wp-content\/uploads\/Schuetzen-GLA-Mitte-Wittringen-2020-142-scaled.jpg 1703w\" sizes=\"auto, (max-width: 681px) 100vw, 681px\" \/><\/figure><div class=\"wp-block-media-text__content\">\n<p>Wir freuen uns sehr, dass Du Dir Zeit nimmst, unsere Frauen-Kompanie kennenzulernen!<\/p>\n\n\n\n<p>Unseren Sch\u00fctzenverein aktiv in die Zukunft zu f\u00fchren, mit vielen Ideen und Aktivit\u00e4ten zu bereichern und neue Mitglieder\/-innen in unseren Reihen begr\u00fc\u00dfen zu k\u00f6nnen \u2013 dies alles war Thema einer Klausurtagung unseres Regimentsvorstandes im Herbst 2020 und f\u00fchrte zu dem Gedanken, eine Frauenkompanie zu gr\u00fcnden.<\/p>\n\n\n\n<p>Schnell wurde diese Idee aufgegriffen und in die Tat umgesetzt \u2013 die 3. Kompanie als reine Frauenkompanie wurde am 01.11.2020 aus der Taufe gehoben. Unsere Gr\u00fcndungsgedanken waren u.a. Frauen anzusprechen, die Lust auf Vereinsleben und gemeinsame Aktivit\u00e4ten haben, ohne zwingend den \u201eGr\u00fcnrock\u201c tragen zu m\u00fcssen. Frei nach unserem Motto: <strong>\u201ealles kann, nichts muss\u201c.<\/strong><\/p>\n\n\n\n<p>Geselliges Beisammensein, Reden und f\u00fcreinander da zu sein, gemeinsame Reisen, Besichtigungen, Buchvorstellungen, F\u00fchrungen und sicher auch Veranstaltungen \u201etypisch Frau\u201c sollen in Zukunft das Vereinsleben unserer 3. Kompanie pr\u00e4gen. So wurde zum Beispiel am 29.10.2021 die Maschinenhalle mit einer F\u00fchrung besichtigt und anschlie\u00dfend im Beisenbusch gegessen. Selbstverst\u00e4ndlich m\u00f6chte sich unsere 3. Kompanie aktiv in das Vereinsleben unseres Sch\u00fctzenvereins Gladbeck Mitte 1652 e.V. einbringen. Viele unserer Sch\u00fctzenbr\u00fcder und Sch\u00fctzenschwestern engagieren sich durch die Pflege von Brauchtum, sozialem Engagement und der F\u00f6rderung von Zukunftsthemen und tragen damit zum lebendigen gesellschaftlichen Leben unserer Stadt Gladbeck bei. Und zuk\u00fcnftig nun auch vermehrt mit Themen, die Frauen bewegen.  Wir freuen uns, Teil dieser gro\u00dfen Sch\u00fctzenfamilie sein zu d\u00fcrfen!<\/p>\n\n\n\n<p>An jedem dritten Mittwoch im Monat findet unser Kompanieabend ab 19 Uhr im Schiesskeller an der Regenbogenschule (B\u00fclser Str. 54) statt. Und dieser Termin ist immer ein sch\u00f6ner Anlass f\u00fcr ein geselliges Miteinander oder auch das Schie\u00dfen zu probieren.<\/p>\n\n\n\n<p>Haben wir Euer Interesse geweckt? Kommt doch einfach mittwochs vorbei. Habt Ihr Fragen? Meldet Euch bitte bei Tina Steinzen per WhatsApp oder Anruf unter 0151-51152227 oder per Email c.steinzen@gmx.de.<\/p>\n\n\n\n<p>Oder quatscht uns einfach an \ud83d\ude09<\/p>\n\n\n\n<p>WIR FREUEN UNS AUF EUCH !!!!<\/p>\n\n\n\n<p><strong>Christina Steinzen <\/strong><br><strong>Kompanief\u00fchrerin<\/strong><\/p>\n<\/div><\/div>\n\n\n\n<p><\/p>\n\n\n\n<p><\/p>\n\n\n\n<p><\/p>\n\n\n\n<figure class=\"wp-block-table is-style-regular\"><table class=\"has-fixed-layout\"><tbody><tr><td>Christina Steinzen<\/td><td>Kompanief\u00fchrerin<\/td><\/tr><tr><td>Barbara Scholten<\/td><td>Gesch\u00e4ftsf\u00fchrerin<\/td><\/tr><tr><td>Gabi Ostendorf<\/td><td>Kassiererin<\/td><\/tr><tr><td>Petra Schmidt<\/td><td>Stellv. Kassiererin<\/td><\/tr><tr><td>Patricia Grote<\/td><td>Schriftf\u00fchrerin, Schie\u00dfsportleitung<\/td><\/tr><\/tbody><\/table><\/figure>\n\n\n\n<p><\/p>\n\n\n\n<figure class=\"wp-block-image size-large\"><img loading=\"lazy\" decoding=\"async\" width=\"750\" height=\"1024\" src=\"https:\/\/sv-gladbeck.de\/wordpress\/wp-content\/uploads\/3-Kompanie-scaled-e1694724210514-750x1024.jpeg\" alt=\"\" class=\"wp-image-342\" srcset=\"https:\/\/sv-gladbeck.de\/wordpress\/wp-content\/uploads\/3-Kompanie-scaled-e1694724210514-750x1024.jpeg 750w, https:\/\/sv-gladbeck.de\/wordpress\/wp-content\/uploads\/3-Kompanie-scaled-e1694724210514-220x300.jpeg 220w, https:\/\/sv-gladbeck.de\/wordpress\/wp-content\/uploads\/3-Kompanie-scaled-e1694724210514-768x1049.jpeg 768w, https:\/\/sv-gladbeck.de\/wordpress\/wp-content\/uploads\/3-Kompanie-scaled-e1694724210514-1125x1536.jpeg 1125w, https:\/\/sv-gladbeck.de\/wordpress\/wp-content\/uploads\/3-Kompanie-scaled-e1694724210514.jpeg 1390w\" sizes=\"auto, (max-width: 750px) 100vw, 750px\" \/><figcaption class=\"wp-element-caption\"><strong>vorne:<\/strong> Pati, Petra\u00a0\/  <strong>hinten:<\/strong> Gaby, Tina, Babs<\/figcaption><\/figure>\n","protected":false},"excerpt":{"rendered":"<p>Wir freuen uns sehr, dass Du Dir Zeit nimmst, unsere Frauen-Kompanie kennenzulernen! Unseren Sch\u00fctzenverein aktiv in die Zukunft zu f\u00fchren, mit vielen Ideen und Aktivit\u00e4ten zu bereichern und neue Mitglieder\/-innen in unseren Reihen begr\u00fc\u00dfen zu k\u00f6nnen \u2013 dies alles war<\/p>\n","protected":false},"author":2,"featured_media":0,"parent":0,"menu_order":0,"comment_status":"closed","ping_status":"closed","template":"","meta":{"footnotes":""},"class_list":["post-199","page","type-page","status-publish","hentry"],"_links":{"self":[{"href":"https:\/\/sv-gladbeck.de\/wordpress\/index.php\/wp-json\/wp\/v2\/pages\/199","targetHints":{"allow":["GET"]}}],"collection":[{"href":"https:\/\/sv-gladbeck.de\/wordpress\/index.php\/wp-json\/wp\/v2\/pages"}],"about":[{"href":"https:\/\/sv-gladbeck.de\/wordpress\/index.php\/wp-json\/wp\/v2\/types\/page"}],"author":[{"embeddable":true,"href":"https:\/\/sv-gladbeck.de\/wordpress\/index.php\/wp-json\/wp\/v2\/users\/2"}],"replies":[{"embeddable":true,"href":"https:\/\/sv-gladbeck.de\/wordpress\/index.php\/wp-json\/wp\/v2\/comments?post=199"}],"version-history":[{"count":9,"href":"https:\/\/sv-gladbeck.de\/wordpress\/index.php\/wp-json\/wp\/v2\/pages\/199\/revisions"}],"predecessor-version":[{"id":346,"href":"https:\/\/sv-gladbeck.de\/wordpress\/index.php\/wp-json\/wp\/v2\/pages\/199\/revisions\/346"}],"wp:attachment":[{"href":"https:\/\/sv-gladbeck.de\/wordpress\/index.php\/wp-json\/wp\/v2\/media?parent=199"}],"curies":[{"name":"wp","href":"https:\/\/api.w.org\/{rel}","templated":true}]}}